9)?
9
Let i(c) = 28*c. Calculate i(-1).
-28
Let i(t) = 10*t - 10. Calculate i(0).
-10
Let x(u) = -u**2 + 3*u - 8. Determine x(2).
-6
Let k(y) = -y**3 - 12*y**2 + 13*y + 9. What is k(-13)?
9
Let h(l) = 7*l**2 + 5*l - 10. What is h(2)?
28
Let z(f) = f**3 + 10*f**2 + 6. Calculate z(-10).
6
Let t(d) = -d + 23. Determine t(7).
16
Let t(x) = -2*x - 9. Determine t(0).
-9
Let a(o) = -9*o + 10. What is a(3)?
-17
Let z(m) = -m**2 - 2*m + 3. Calculate z(3).
-12
Let w(j) = 4*j - 13. Determine w(4).
3
Let q(l) = 5*l**2 + 10*l + 15. Give q(-6).
135
Let w(o) = o**2 + 6*o + 12. What is w(-6)?
12
Let q(i) = 2*i**2 - 16*i + 30. Give q(7).
16
Let v(s) = -13*s - 20. Calculate v(-6).
58
Let u(z) = -15*z + 66. What is u(4)?
6
Let p(x) = x**3 - 22*x**2 - 10*x + 218. Determine p(22).
-2
Let v(n) = -4*n - 4. Determine v(-3).
8
Let w(d) = -3*d - 36. What is w(-14)?
6
Let x(o) = -o**3 + 11*o**2 + 3. What is x(11)?
3
Let p(t) = -t + 26. Calculate p(17).
9
Let z(u) = -26*u + 59. What is z(7)?
-123
Let m(q) = -6*q - 6. What is m(-3)?
12
Let k(q) = 52*q. Determine k(-1).
-52
Let w(f) = -2*f**2 + 4*f - 6. Determine w(2).
-6
Let d(b) = b**2 - 15*b + 11. Give d(8).
-45
Let p(g) = 14*g. Give p(4).
56
Let j(l) = -l**2 - l - 1. Determine j(2).
-7
Let t(z) = -9*z**2 - 224*z + 29. What is t(-25)?
4
Let i(n) = 11*n + 28. What is i(-3)?
-5
Let n(r) = -34*r + 201. Give n(6).
-3
Let x(k) = -k + 15. Calculate x(15).
0
Let p(l) = l**3 - 2*l**2 + 4. What is p(-2)?
-12
Let m(u) = u**2 - 24*u - 103. Give m(28).
9
Let x(j) = j**2 + 8*j + 2. Determine x(-9).
11
Let w(j) = j**2 - 23*j + 120. Calculate w(11).
-12
Let z(k) = 2*k**2 - 10*k + 3. Calculate z(7).
31
Let n(l) = -l**3 + l**2 - 3. Give n(0).
-3
Let f(d) = -d**3 + 14*d**2 - 13*d. Calculate f(13).
0
Let c(s) = -5*s**3 - 3*s**2 - 5*s + 7. Determine c(-3).
130
Let y(o) = o**2 + 15*o - 28. Give y(-20).
72
Let c(g) = -g**3 - g**2 - g + 41. What is c(0)?
41
Let a(j) = -j**2 - 20*j - 2. Determine a(-20).
-2
Let x(s) = -2*s**3 - 17*s**2 - 7*s + 8. What is x(-8)?
0
Let w(q) = 5*q**2 + 59*q + 48. What is w(-11)?
4
Let d(t) = -t**2 + 16*t - 38. Determine d(13).
1
Let d(s) = -s**3 + 15*s**2 - 25*s + 3. Determine d(12).
135
Let h(k) = -20*k**3 - 2*k**2 + 3*k - 2. Determine h(1).
-21
Let k(a) = a**3 + 5*a**2 - 18*a + 42. Determine k(-8).
-6
Let l(c) = -c**3 - 6*c**2 - 6*c - 3. Give l(-5).
2
Let d(h) = h**3 + 9*h**2 - 7. What is d(-8)?
57
Let l(u) = u**2 + u + 3. Determine l(-6).
33
Let i(k) = k**2 + 25*k + 10. Calculate i(-25).
10
Let z(p) = p + 7. Give z(-12).
-5
Let x(a) = -2*a - 3. Calculate x(-2).
1
Let d(o) = o**2 - 5*o - 173. Give d(16).
3
Let q(b) = -7*b + 3. Give q(1).
-4
Let o(k) = -3*k**2 - 2*k + 6. Give o(-6).
-90
Let d(p) = 166*p + 160. Calculate d(-1).
-6
Let l(b) = b + 12. Give l(-8).
4
Let p(b) = -4*b + 2. Calculate p(-4).
18
Let a(u) = -u**2 - 8*u - 21. What is a(-3)?
-6
Let h(w) = w**2 - 15*w - 130. What is h(-6)?
-4
Let l(m) = -9*m + 213. What is l(24)?
-3
Let b(h) = 2*h + 18. What is b(-7)?
4
Let l(k) = -3*k**2 + 7*k - 17. What is l(2)?
-15
Let r(v) = -12*v + 83. Give r(7).
-1
Let a(w) = -2*w**3 + 17*w**2 + w - 5. What is a(8)?
67
Let a(g) = -6*g - 7. Calculate a(-2).
5
Let l(p) = -4*p + 5. Calculate l(7).
-23
Let o(x) = -2*x**2 + 14*x + 1. Calculate o(6).
13
Let m(z) = -z**3 + 83*z**2 + 350*z - 168. Give m(87).
6
Let s(g) = g**3 - 6*g**2 + 3*g + 7. Give s(6).
25
Let f(t) = -t**3 - 7*t**2 - 7. Calculate f(-7).
-7
Let w(a) = 6*a + 81. What is w(-22)?
-51
Let d(l) = l**3 - 4*l**2 + 17*l - 38. What is d(3)?
4
Let u(l) = -5*l - 44. Determine u(-7).
-9
Let f(u) = -77*u + 619. What is f(8)?
3
Let a(u) = u**2 + 10*u + 2. Determine a(-4).
-22
Let y(j) = j**2 - 33*j - 244. What is y(39)?
-10
Let i(k) = -8*k**3 + k**2 - k - 2. What is i(-2)?
68
Let x(b) = b**3 - 2*b**2 - 3*b - 1. Determine x(3).
-1
Let q(k) = 10*k**2 + 1. Determine q(2).
41
Let k(l) = 5*l**2 + 6*l - 6. Give k(1).
5
Let l(f) = -6*f + 285. Calculate l(48).
-3
Let f(t) = t**3 - 4*t**2 - 10*t - 7. Determine f(6).
5
Let r(h) = -89*h**2 + 2*h. Give r(-1).
-91
Let s(k) = k**3 - 14*k**2 - 8*k + 24. Calculate s(15).
129
Let i(p) = -p**3 + 7*p**2 + 25*p - 134. Determine i(8).
2
Let j(u) = -6*u + 9. Give j(-21).
135
Let x(h) = -31*h - 1. Give x(1).
-32
Let v(t) = t**3 - 5*t**2 - 3*t - 10. Calculate v(6).
8
Let l(i) = i**3 - 7*i**2 + 10*i - 9. Determine l(4).
-17
Let p(c) = c**3 + c**2 - 2*c - 28. Give p(0).
-28
Let v(b) = b**3 + 9*b**2 + 2*b - 5. What is v(-7)?
79
Let c(g) = -28*g**3 - g**2 + g + 2. Give c(-1).
28
Let d(s) = 17*s + 288. Determine d(-16).
16
Let g(u) = -u**2 - 6*u + 59. Give g(8).
-53
Let d(x) = 3*x - 20. Give d(8).
4
Let h(g) = g**2 + 2*g + 14. What is h(-11)?
113
Let o(c) = -2*c - 32. What is o(-15)?
-2
Let h(v) = -v**3 + 10*v**2 + 142*v + 31. What is h(18)?
-5
Let m(g) = -4*g**2 + 11*g - 3. What is m(6)?
-81
Let p(z) = -28*z + 255. Give p(8).
31
Let t(m) = 2*m**2 - 99*m + 241. Determine t(47).
6
Let l(w) = -w**2 - 8*w + 7. What is l(-8)?
7
Let p(h) = -h**3 - 12*h**2 + 2*h + 2. Calculate p(-12).
-22
Let s(n) = -3*n + 51. What is s(20)?
-9
Let n(j) = -j**3 + 11*j**2 - 5*j - 30. What is n(10)?
20
Let y(v) = -v**3 + 8*v**2 + 34*v + 4. Determine y(11).
15
Let b(m) = -2*m - 12. What is b(-29)?
46
Let k(f) = -f**2 - 22*f - 100. What is k(-5)?
-15
Let v(q) = -2*q**2 - 38*q - 18. Determine v(-19).
-18
Let b(o) = -22*o - 50. Determine b(-2).
-6
Let h(t) = t**3 + 4*t**2 - 9*t - 6. Determine h(-4).
30
Let d(a) = -a**3 - 27*a**2 - 27*a - 40. Calculate d(-26).
-14
Let c(h) = h**2 + 13*h - 48. What is c(-13)?
-48
Let o(d) = 15*d - 1. Calculate o(1).
14
Let x(u) = u**2 + 3*u + 12. Calculate x(-10).
82
Let q(w) = 2*w**3 + 10*w**2 + 7*w + 4. Give q(-4).
8
Let x(b) = -b + 1. Calculate x(-6).
7
Let y(o) = -o**2 + 6*o + 11. What is y(8)?
-5
Let u(m) = m - 10. Determine u(4).
-6
Let j(k) = 9*k + 187. Determine j(-24).
-29
Let z(r) = -r**2 + 28*r - 161. Give z(19).
10
Let h(p) = -p**2 - 13*p + 13. Give h(-15).
-17
Let a(v) = v**2 - 2*v - 11. What is a(0)?
-11
Let u(b) = 10*b + 2. Determine u(4).
42
Let w(m) = m**3 + m**2 - 6*m - 7. What is w(-3)?
-7
Let h(z) = 8*z - 17. What is h(-13)?
-121
Let v(u) = -144*u + 1157. Calculate v(8).
5
Let c(i) = i**3 - 22*i**2 - 3*i + 57. What is c(22)?
-9
Let f(y) = y**3 - y**2 - 7*y + 2. Determine f(4).
22
Let a(g) = -2*g**3 - 2*g**2 + 3*g - 2. Determine a(2).
-20
Let r(z) = 7*z + 219. Determine r(-26).
37
Let w(n) = n - 14. Determine w(19).
5
Let l(y) = 7*y**2 - 6. Calculate l(-2).
22
Let b(p) = 21*p. Give b(-1).
-21
Let m(z) = 4*z - 54. Calculate m(15).
6
Let s(x) = -7*x + 6. What is s(-3)?
27
Let i(z) = -2*z - 2. What is i(0)?
-2
Let q(f) = 2*f**3 - 45*f**2 - 31*f + 192. What is q(23)?
8
Let w(t) = -t**3 + 8*t**2 + 7*t + 4. Determine w(9).
-14
Let q(l) = 7*l + 31. What is q(-3)?
10
Let v(z) = -z**3 + 7*z**2 - 2*z + 9. Determine v(6).
33
Let y(a) = a**3 + 5*a**2 - a - 16. Determine y(-4).
4
Let f(j) = 2*j**2 - 15*j - 37. Calculate f(-3).
26
Let o(g) = 50*g - 399. Give o(8).
1
Let n(l) = 2*l + 35. Determine n(-16).
3
Let l(a) = 5*a**3 - a + 1. Determine l(1).
5
Let z(t) = -2*t**2 - 7*t - 15. Determine z(-4).
-19
Let g(v) = 28*v**3 - 4*v**2 + 10*v - 8. Determine g(1).
26
Let c(x) = 12*x - 3. What is c(-3)?
-39
Let x(v) = 9*v. What is x(1)?
9
Let k(d) = -51*d - 181. What is k(-4)?
23
Let c(g) = g**2 + 8*g - 5. Determine c(-6).
-17
Let m(k) = k**2 + 12*k - 9. Calculate m(-13).
4
Let v(k) = -k**2 - 21*k + 49. Give v(-23).
3
Let b(s) = -2*s**2 + 6*s - 7. Calculate b(3).
-7
Let k(i) = -i**3 + 3*i**2 - 5*i - 5. Calculate k(3).
-20
Let v(i) = -i**2 - 2*i + 4. What is v(-3)?
1
Let x(m) = -m**2 + 117*m - 117. Calculate x(1).
-1
Let k(t) = -7*t + 71. Determine k(10).
1
Let m(p) = p**3 + 6*p**2 + 3*p + 13. Calculate m(-6).
-5
Let c(l) = l**3 - 25*l**2 + 36*l + 235. What is c(23)?
5
Let p(q) = -q**3 + 28*q**2 + 29*q - 10. Determine p(29).
-10
Let s(v) = 16*v**2 + 2*v - 2. Calculate s(1).
16
Let s(r) = -r**2 + 13*r - 10. Give s(14).
-24
Let k(o) = o**3 + o**2 - 5*o + 2. Give k(4).
62
Let l(y) = -y**2 - 13*y - 28. Determine l(-10).
2
Let l(h) = -7*h + 97. Calculate l(13).
6
Let m(x) = x**2 + 35*x - 9. Calculate m(-35).
-9
Let q(x) = x**3 + 6*x**2 + 2*x - 7. What is q(-5)?
8
Let o(h) = -3*h - 1. Give o(3).
-10
Let h(n) = n**2 + 20*n + 24. Give h(-20).
24
Let s(l) =